{"id":597,"date":"2022-06-15T11:08:04","date_gmt":"2022-06-15T11:08:04","guid":{"rendered":"https:\/\/noordwoord.nl\/dichtersindeprinsentuin\/?post_type=programma&#038;p=597"},"modified":"2023-07-09T17:42:11","modified_gmt":"2023-07-09T17:42:11","slug":"dichters-in-dialoog","status":"publish","type":"programma","link":"https:\/\/noordwoord.nl\/dichtersindeprinsentuin\/programma\/dichters-in-dialoog\/","title":{"rendered":"Dichters in dialoog"},"content":{"rendered":"\n<p>Tijdens deze editie van Dichters in de Prinsentuin diepen we een oude traditie op: in de beginjaren van het festival werden steevast dubbelinterviews gehouden tussen twee dichters. Begrijpelijk, want wie is beter in staat een dichter te begrijpen en met diegene te spreken over diens werk dan een collega-dichter? <\/p>\n\n\n\n<p>In dit dialoog spreken dichters H\u00e9l\u00e8ne Gel\u00e8ns en Obe Alkema de met elkaar over het ontstaan van het werk, de keuzes die je als dichter moet maken bij het schrijven van gedichten of samenstellen van bundels, maar ook over de maatschappelijke rol van po\u00ebzie en het universele karakter van een uiterst persoonlijk gedicht. Het is een unieke inkijk in het werk van dichters, vanuit het perspectief van dichters. <\/p>\n\n\n<span style=\"height: 1em; display: block;\"><\/span>\n\n\n<hr class=\"wp-block-separator has-alpha-channel-opacity\"\/>\n\n\n\n<p><em>Dit programma is onderdeel van het po\u00ebziefestival Dichters van de Prinsentuin op 7, 8 en 9 juli in de Hortus Haren.<\/em><\/p>\n\n\n<span style=\"height: 1em; display: block;\"><\/span>\n\n<a\n    href=\"https:\/\/noordwoord.stager.nl\/web\/tickets\"\n    class=\" relative animated-button flex flex-wrap flex-row  has-secondary-background-color p-2 lg:p-4\"\n              >\n      <div\n    class=\"absolute w-full h-full top-0 left-0 z-0  text-primary   p-2\">\n    <svg\n      id=\"a\"\n      xmlns=\"http:\/\/www.w3.org\/2000\/svg\"\n      preserveAspectRatio=\"none\"\n      width=\"100%\"\n      height=\"100%\"\n      viewBox=\"0 0 1260.68 292.33\"\n      \n    >\n      <defs>\n        <style>.svg-btn {\n\t\t\t\tfill: none;\n\t\t\t\tstroke: currentColor;\n\t\t\t\tstroke-linecap: round;\n\t\t\t\tstroke-linejoin: round;\n\t\t\t\tstroke-width: 110px;\n\t\t\t}<\/style>\n      <\/defs>\n      <path class=\"svg-btn\" d=\"M71.35,55.02c15.85-1.32,1098.65,58.13,1098.65,58.13L55,179.2l1150.68,58.13\"\/>\n    <\/svg>\n  <\/div>\n\n  <div class=\"z-10 w-full\">\n            <div class=\"w-full text-center\">\n    BESTEL TICKETS\n  <\/div>\n      <\/div>\n\n  <\/a>\n\n\n\n","protected":false},"featured_media":566,"template":"","featured":[44],"lokatie":[23],"product-type":[],"programma_type":[54,52],"class_list":["post-597","programma","type-programma","status-publish","has-post-thumbnail","hentry","featured-dagprogramma","location-chinese-tuin-vijver","programma_type-gesprek","programma_type-interview"],"yoast_head":"<!-- This site is optimized with the Yoast SEO plugin v26.0 - https:\/\/yoast.com\/wordpress\/plugins\/seo\/ -->\n<title>Dichters in dialoog - Dichters in de Prinsentuin<\/title>\n<meta name=\"description\" content=\"Tijdens deze editie van Dichters in de Prinsentuin diepen we een oude traditie op: dubbelinterviews tussen twee dichters.\" \/>\n<meta name=\"robots\" content=\"index, follow, max-snippet:-1, max-image-preview:large, max-video-preview:-1\" \/>\n<link rel=\"canonical\" href=\"https:\/\/noordwoord.nl\/dichtersindeprinsentuin\/programma\/dichters-in-dialoog\/\" \/>\n<meta property=\"og:locale\" content=\"nl_NL\" \/>\n<meta property=\"og:type\" content=\"article\" \/>\n<meta property=\"og:title\" content=\"Dichters in dialoog - Dichters in de Prinsentuin\" \/>\n<meta property=\"og:description\" content=\"Tijdens deze editie van Dichters in de Prinsentuin diepen we een oude traditie op: dubbelinterviews tussen twee dichters.\" \/>\n<meta property=\"og:url\" content=\"https:\/\/noordwoord.nl\/dichtersindeprinsentuin\/programma\/dichters-in-dialoog\/\" \/>\n<meta property=\"og:site_name\" content=\"Dichters in de Prinsentuin\" \/>\n<meta property=\"article:modified_time\" content=\"2023-07-09T17:42:11+00:00\" \/>\n<meta property=\"og:image\" content=\"https:\/\/noordwoord.nl\/dichtersindeprinsentuin\/wp-content\/uploads\/sites\/3\/2022\/06\/dichters-in-dialoog.jpg\" \/>\n\t<meta property=\"og:image:width\" content=\"1270\" \/>\n\t<meta property=\"og:image:height\" content=\"1268\" \/>\n\t<meta property=\"og:image:type\" content=\"image\/jpeg\" \/>\n<meta name=\"twitter:card\" content=\"summary_large_image\" \/>\n<meta name=\"twitter:label1\" content=\"Geschatte leestijd\" \/>\n\t<meta name=\"twitter:data1\" content=\"1 minuut\" \/>\n<script type=\"application\/ld+json\" class=\"yoast-schema-graph\">{\"@context\":\"https:\/\/schema.org\",\"@graph\":[{\"@type\":\"WebPage\",\"@id\":\"https:\/\/noordwoord.nl\/dichtersindeprinsentuin\/programma\/dichters-in-dialoog\/\",\"url\":\"https:\/\/noordwoord.nl\/dichtersindeprinsentuin\/programma\/dichters-in-dialoog\/\",\"name\":\"Dichters in dialoog - Dichters in de Prinsentuin\",\"isPartOf\":{\"@id\":\"https:\/\/noordwoord.nl\/dichtersindeprinsentuin\/#website\"},\"primaryImageOfPage\":{\"@id\":\"https:\/\/noordwoord.nl\/dichtersindeprinsentuin\/programma\/dichters-in-dialoog\/#primaryimage\"},\"image\":{\"@id\":\"https:\/\/noordwoord.nl\/dichtersindeprinsentuin\/programma\/dichters-in-dialoog\/#primaryimage\"},\"thumbnailUrl\":\"https:\/\/noordwoord.nl\/dichtersindeprinsentuin\/wp-content\/uploads\/sites\/3\/2022\/06\/dichters-in-dialoog.jpg\",\"datePublished\":\"2022-06-15T11:08:04+00:00\",\"dateModified\":\"2023-07-09T17:42:11+00:00\",\"description\":\"Tijdens deze editie van Dichters in de Prinsentuin diepen we een oude traditie op: dubbelinterviews tussen twee dichters.\",\"inLanguage\":\"nl-NL\",\"potentialAction\":[{\"@type\":\"ReadAction\",\"target\":[\"https:\/\/noordwoord.nl\/dichtersindeprinsentuin\/programma\/dichters-in-dialoog\/\"]}]},{\"@type\":\"ImageObject\",\"inLanguage\":\"nl-NL\",\"@id\":\"https:\/\/noordwoord.nl\/dichtersindeprinsentuin\/programma\/dichters-in-dialoog\/#primaryimage\",\"url\":\"https:\/\/noordwoord.nl\/dichtersindeprinsentuin\/wp-content\/uploads\/sites\/3\/2022\/06\/dichters-in-dialoog.jpg\",\"contentUrl\":\"https:\/\/noordwoord.nl\/dichtersindeprinsentuin\/wp-content\/uploads\/sites\/3\/2022\/06\/dichters-in-dialoog.jpg\",\"width\":1270,\"height\":1268},{\"@type\":\"WebSite\",\"@id\":\"https:\/\/noordwoord.nl\/dichtersindeprinsentuin\/#website\",\"url\":\"https:\/\/noordwoord.nl\/dichtersindeprinsentuin\/\",\"name\":\"Dichters in de Prinsentuin\",\"description\":\"Een andere NOORDWOORD sites site\",\"potentialAction\":[{\"@type\":\"SearchAction\",\"target\":{\"@type\":\"EntryPoint\",\"urlTemplate\":\"https:\/\/noordwoord.nl\/dichtersindeprinsentuin\/?s={search_term_string}\"},\"query-input\":{\"@type\":\"PropertyValueSpecification\",\"valueRequired\":true,\"valueName\":\"search_term_string\"}}],\"inLanguage\":\"nl-NL\"}]}<\/script>\n<!-- \/ Yoast SEO plugin. -->","yoast_head_json":{"title":"Dichters in dialoog - Dichters in de Prinsentuin","description":"Tijdens deze editie van Dichters in de Prinsentuin diepen we een oude traditie op: dubbelinterviews tussen twee dichters.","robots":{"index":"index","follow":"follow","max-snippet":"max-snippet:-1","max-image-preview":"max-image-preview:large","max-video-preview":"max-video-preview:-1"},"canonical":"https:\/\/noordwoord.nl\/dichtersindeprinsentuin\/programma\/dichters-in-dialoog\/","og_locale":"nl_NL","og_type":"article","og_title":"Dichters in dialoog - Dichters in de Prinsentuin","og_description":"Tijdens deze editie van Dichters in de Prinsentuin diepen we een oude traditie op: dubbelinterviews tussen twee dichters.","og_url":"https:\/\/noordwoord.nl\/dichtersindeprinsentuin\/programma\/dichters-in-dialoog\/","og_site_name":"Dichters in de Prinsentuin","article_modified_time":"2023-07-09T17:42:11+00:00","og_image":[{"width":1270,"height":1268,"url":"https:\/\/noordwoord.nl\/dichtersindeprinsentuin\/wp-content\/uploads\/sites\/3\/2022\/06\/dichters-in-dialoog.jpg","type":"image\/jpeg"}],"twitter_card":"summary_large_image","twitter_misc":{"Geschatte leestijd":"1 minuut"},"schema":{"@context":"https:\/\/schema.org","@graph":[{"@type":"WebPage","@id":"https:\/\/noordwoord.nl\/dichtersindeprinsentuin\/programma\/dichters-in-dialoog\/","url":"https:\/\/noordwoord.nl\/dichtersindeprinsentuin\/programma\/dichters-in-dialoog\/","name":"Dichters in dialoog - Dichters in de Prinsentuin","isPartOf":{"@id":"https:\/\/noordwoord.nl\/dichtersindeprinsentuin\/#website"},"primaryImageOfPage":{"@id":"https:\/\/noordwoord.nl\/dichtersindeprinsentuin\/programma\/dichters-in-dialoog\/#primaryimage"},"image":{"@id":"https:\/\/noordwoord.nl\/dichtersindeprinsentuin\/programma\/dichters-in-dialoog\/#primaryimage"},"thumbnailUrl":"https:\/\/noordwoord.nl\/dichtersindeprinsentuin\/wp-content\/uploads\/sites\/3\/2022\/06\/dichters-in-dialoog.jpg","datePublished":"2022-06-15T11:08:04+00:00","dateModified":"2023-07-09T17:42:11+00:00","description":"Tijdens deze editie van Dichters in de Prinsentuin diepen we een oude traditie op: dubbelinterviews tussen twee dichters.","inLanguage":"nl-NL","potentialAction":[{"@type":"ReadAction","target":["https:\/\/noordwoord.nl\/dichtersindeprinsentuin\/programma\/dichters-in-dialoog\/"]}]},{"@type":"ImageObject","inLanguage":"nl-NL","@id":"https:\/\/noordwoord.nl\/dichtersindeprinsentuin\/programma\/dichters-in-dialoog\/#primaryimage","url":"https:\/\/noordwoord.nl\/dichtersindeprinsentuin\/wp-content\/uploads\/sites\/3\/2022\/06\/dichters-in-dialoog.jpg","contentUrl":"https:\/\/noordwoord.nl\/dichtersindeprinsentuin\/wp-content\/uploads\/sites\/3\/2022\/06\/dichters-in-dialoog.jpg","width":1270,"height":1268},{"@type":"WebSite","@id":"https:\/\/noordwoord.nl\/dichtersindeprinsentuin\/#website","url":"https:\/\/noordwoord.nl\/dichtersindeprinsentuin\/","name":"Dichters in de Prinsentuin","description":"Een andere NOORDWOORD sites site","potentialAction":[{"@type":"SearchAction","target":{"@type":"EntryPoint","urlTemplate":"https:\/\/noordwoord.nl\/dichtersindeprinsentuin\/?s={search_term_string}"},"query-input":{"@type":"PropertyValueSpecification","valueRequired":true,"valueName":"search_term_string"}}],"inLanguage":"nl-NL"}]}},"_links":{"self":[{"href":"https:\/\/noordwoord.nl\/dichtersindeprinsentuin\/wp-json\/wp\/v2\/programma\/597","targetHints":{"allow":["GET"]}}],"collection":[{"href":"https:\/\/noordwoord.nl\/dichtersindeprinsentuin\/wp-json\/wp\/v2\/programma"}],"about":[{"href":"https:\/\/noordwoord.nl\/dichtersindeprinsentuin\/wp-json\/wp\/v2\/types\/programma"}],"wp:featuredmedia":[{"embeddable":true,"href":"https:\/\/noordwoord.nl\/dichtersindeprinsentuin\/wp-json\/wp\/v2\/media\/566"}],"wp:attachment":[{"href":"https:\/\/noordwoord.nl\/dichtersindeprinsentuin\/wp-json\/wp\/v2\/media?parent=597"}],"wp:term":[{"taxonomy":"featured","embeddable":true,"href":"https:\/\/noordwoord.nl\/dichtersindeprinsentuin\/wp-json\/wp\/v2\/featured?post=597"},{"taxonomy":"location","embeddable":true,"href":"https:\/\/noordwoord.nl\/dichtersindeprinsentuin\/wp-json\/wp\/v2\/lokatie?post=597"},{"taxonomy":"product-type","embeddable":true,"href":"https:\/\/noordwoord.nl\/dichtersindeprinsentuin\/wp-json\/wp\/v2\/product-type?post=597"},{"taxonomy":"programma_type","embeddable":true,"href":"https:\/\/noordwoord.nl\/dichtersindeprinsentuin\/wp-json\/wp\/v2\/programma_type?post=597"}],"curies":[{"name":"wp","href":"https:\/\/api.w.org\/{rel}","templated":true}]}}

<p>Tijdens deze editie van Dichters in de Prinsentuin diepen we een oude traditie op: in de beginjaren van het festival werden steevast dubbelinterviews gehouden tussen twee dichters. Begrijpelijk, want wie is beter in staat een dichter te begrijpen en met diegene te spreken over diens werk dan een collega-dichter? </p>



<p>In dit dialoog spreken dichters Hélène Gelèns en Obe Alkema de met elkaar over het ontstaan van het werk, de keuzes die je als dichter moet maken bij het schrijven van gedichten of samenstellen van bundels, maar ook over de maatschappelijke rol van poëzie en het universele karakter van een uiterst persoonlijk gedicht. Het is een unieke inkijk in het werk van dichters, vanuit het perspectief van dichters. </p>


<span style="height: 1em; display: block;"></span>


<hr class="wp-block-separator has-alpha-channel-opacity"/>



<p><em>Dit programma is onderdeel van het poëziefestival Dichters van de Prinsentuin op 7, 8 en 9 juli in de Hortus Haren.</em></p>


<span style="height: 1em; display: block;"></span>

<a
    href="https://noordwoord.stager.nl/web/tickets"
    class=" relative animated-button flex flex-wrap flex-row  has-secondary-background-color p-2 lg:p-4"
              >
      <div
    class="absolute w-full h-full top-0 left-0 z-0  text-primary   p-2">
    <svg
      id="a"
      xmlns="http://www.w3.org/2000/svg"
      preserveAspectRatio="none"
      width="100%"
      height="100%"
      viewBox="0 0 1260.68 292.33"
      
    >
      <defs>
        <style>.svg-btn {
				fill: none;
				stroke: currentColor;
				stroke-linecap: round;
				stroke-linejoin: round;
				stroke-width: 110px;
			}</style>
      </defs>
      <path class="svg-btn" d="M71.35,55.02c15.85-1.32,1098.65,58.13,1098.65,58.13L55,179.2l1150.68,58.13"/>
    </svg>
  </div>

  <div class="z-10 w-full">
            <div class="w-full text-center">
    BESTEL TICKETS
  </div>
      </div>

  </a>
