{"id":1627,"date":"2023-06-01T08:48:05","date_gmt":"2023-06-01T08:48:05","guid":{"rendered":"https:\/\/noordwoord.nl\/dichtersindeprinsentuin\/?post_type=programma&#038;p=1627"},"modified":"2023-07-19T07:40:27","modified_gmt":"2023-07-19T07:40:27","slug":"tagelyk","status":"publish","type":"programma","link":"https:\/\/noordwoord.nl\/dichtersindeprinsentuin\/programma\/tagelyk\/","title":{"rendered":"Tagelyk"},"content":{"rendered":"\n<p>Tagelyk, Fries voor \u2018tegelijkertijd\u2019, brengt twee werelden op verrassende wijze samen: spoken word en muziek. Tagelyk is het resultaat van een samenwerking tussen dichter Nyk de Vries en het Artvark Saxophone Quartet, op initiatief van Poetry International. <\/p>\n\n\n\n<p>De teksten van De Vries vormen samen een moza\u00efek van een aantal levens op \u00e9\u00e9n avond en nacht \u2013 een kleine doorsnee van Nederland \u2013 van een vaderlijke Rotterdamse buschauffeur tot een solitaire Friese bouwvakker en een moeder die thuis onrustig wacht op haar radicaliserende zoon. Schijnbaar hebben ze weinig met elkaar van doen. Of zijn ze in gedachten eigenlijk dicht bij elkaar? <\/p>\n\n\n\n<p>In juni 2023 verschijnt \u2018Tagelyk\u2019 als album en boek ineen, waarna een reeks live optredens van Nyk de Vries en het Artvark Saxophone Quartet volgt, waaronder tijdens Dichters van de Prinsentuin. <\/p>\n\n\n\n<p><em>Fotograaf: Reyer Boxem<\/em><\/p>\n\n\n<span style=\"height: 1em; display: block;\"><\/span>\n\n\n<hr class=\"wp-block-separator has-alpha-channel-opacity\"\/>\n\n\n\n<p><em><em>Dit programma was onderdeel van het po\u00ebziefestival Dichters van de Prinsentuin op 7, 8 en 9 juli 2023 in de Hortus Haren.<\/em><\/em><\/p>\n\n\n<span style=\"height: 1em; display: block;\"><\/span>","protected":false},"featured_media":1629,"template":"","featured":[44],"lokatie":[24],"product-type":[],"programma_type":[56],"class_list":["post-1627","programma","type-programma","status-publish","has-post-thumbnail","hentry","featured-dagprogramma","location-malushoek","programma_type-muziek"],"yoast_head":"<!-- This site is optimized with the Yoast SEO plugin v26.0 - https:\/\/yoast.com\/wordpress\/plugins\/seo\/ -->\n<title>Tagelyk - Dichters in de Prinsentuin<\/title>\n<meta name=\"description\" content=\"Tagelyk, Fries voor \u2018tegelijkertijd\u2019, brengt twee werelden op verrassende wijze samen: spoken word en muziek. Te zien bij Dichters van de Prinsentuin.\" \/>\n<meta name=\"robots\" content=\"index, follow, max-snippet:-1, max-image-preview:large, max-video-preview:-1\" \/>\n<link rel=\"canonical\" href=\"https:\/\/noordwoord.nl\/dichtersindeprinsentuin\/programma\/tagelyk\/\" \/>\n<meta property=\"og:locale\" content=\"nl_NL\" \/>\n<meta property=\"og:type\" content=\"article\" \/>\n<meta property=\"og:title\" content=\"Tagelyk - Dichters in de Prinsentuin\" \/>\n<meta property=\"og:description\" content=\"Tagelyk, Fries voor \u2018tegelijkertijd\u2019, brengt twee werelden op verrassende wijze samen: spoken word en muziek. Te zien bij Dichters van de Prinsentuin.\" \/>\n<meta property=\"og:url\" content=\"https:\/\/noordwoord.nl\/dichtersindeprinsentuin\/programma\/tagelyk\/\" \/>\n<meta property=\"og:site_name\" content=\"Dichters in de Prinsentuin\" \/>\n<meta property=\"article:modified_time\" content=\"2023-07-19T07:40:27+00:00\" \/>\n<meta property=\"og:image\" content=\"https:\/\/noordwoord.nl\/dichtersindeprinsentuin\/wp-content\/uploads\/sites\/3\/2023\/06\/Tagelyk.jpg\" \/>\n\t<meta property=\"og:image:width\" content=\"1080\" \/>\n\t<meta property=\"og:image:height\" content=\"1080\" \/>\n\t<meta property=\"og:image:type\" content=\"image\/jpeg\" \/>\n<meta name=\"twitter:card\" content=\"summary_large_image\" \/>\n<meta name=\"twitter:label1\" content=\"Geschatte leestijd\" \/>\n\t<meta name=\"twitter:data1\" content=\"1 minuut\" \/>\n<script type=\"application\/ld+json\" class=\"yoast-schema-graph\">{\"@context\":\"https:\/\/schema.org\",\"@graph\":[{\"@type\":\"WebPage\",\"@id\":\"https:\/\/noordwoord.nl\/dichtersindeprinsentuin\/programma\/tagelyk\/\",\"url\":\"https:\/\/noordwoord.nl\/dichtersindeprinsentuin\/programma\/tagelyk\/\",\"name\":\"Tagelyk - Dichters in de Prinsentuin\",\"isPartOf\":{\"@id\":\"https:\/\/noordwoord.nl\/dichtersindeprinsentuin\/#website\"},\"primaryImageOfPage\":{\"@id\":\"https:\/\/noordwoord.nl\/dichtersindeprinsentuin\/programma\/tagelyk\/#primaryimage\"},\"image\":{\"@id\":\"https:\/\/noordwoord.nl\/dichtersindeprinsentuin\/programma\/tagelyk\/#primaryimage\"},\"thumbnailUrl\":\"https:\/\/noordwoord.nl\/dichtersindeprinsentuin\/wp-content\/uploads\/sites\/3\/2023\/06\/Tagelyk.jpg\",\"datePublished\":\"2023-06-01T08:48:05+00:00\",\"dateModified\":\"2023-07-19T07:40:27+00:00\",\"description\":\"Tagelyk, Fries voor \u2018tegelijkertijd\u2019, brengt twee werelden op verrassende wijze samen: spoken word en muziek. Te zien bij Dichters van de Prinsentuin.\",\"inLanguage\":\"nl-NL\",\"potentialAction\":[{\"@type\":\"ReadAction\",\"target\":[\"https:\/\/noordwoord.nl\/dichtersindeprinsentuin\/programma\/tagelyk\/\"]}]},{\"@type\":\"ImageObject\",\"inLanguage\":\"nl-NL\",\"@id\":\"https:\/\/noordwoord.nl\/dichtersindeprinsentuin\/programma\/tagelyk\/#primaryimage\",\"url\":\"https:\/\/noordwoord.nl\/dichtersindeprinsentuin\/wp-content\/uploads\/sites\/3\/2023\/06\/Tagelyk.jpg\",\"contentUrl\":\"https:\/\/noordwoord.nl\/dichtersindeprinsentuin\/wp-content\/uploads\/sites\/3\/2023\/06\/Tagelyk.jpg\",\"width\":1080,\"height\":1080,\"caption\":\"Tagelyk\"},{\"@type\":\"WebSite\",\"@id\":\"https:\/\/noordwoord.nl\/dichtersindeprinsentuin\/#website\",\"url\":\"https:\/\/noordwoord.nl\/dichtersindeprinsentuin\/\",\"name\":\"Dichters in de Prinsentuin\",\"description\":\"Een andere NOORDWOORD sites site\",\"potentialAction\":[{\"@type\":\"SearchAction\",\"target\":{\"@type\":\"EntryPoint\",\"urlTemplate\":\"https:\/\/noordwoord.nl\/dichtersindeprinsentuin\/?s={search_term_string}\"},\"query-input\":{\"@type\":\"PropertyValueSpecification\",\"valueRequired\":true,\"valueName\":\"search_term_string\"}}],\"inLanguage\":\"nl-NL\"}]}<\/script>\n<!-- \/ Yoast SEO plugin. -->","yoast_head_json":{"title":"Tagelyk - Dichters in de Prinsentuin","description":"Tagelyk, Fries voor \u2018tegelijkertijd\u2019, brengt twee werelden op verrassende wijze samen: spoken word en muziek. Te zien bij Dichters van de Prinsentuin.","robots":{"index":"index","follow":"follow","max-snippet":"max-snippet:-1","max-image-preview":"max-image-preview:large","max-video-preview":"max-video-preview:-1"},"canonical":"https:\/\/noordwoord.nl\/dichtersindeprinsentuin\/programma\/tagelyk\/","og_locale":"nl_NL","og_type":"article","og_title":"Tagelyk - Dichters in de Prinsentuin","og_description":"Tagelyk, Fries voor \u2018tegelijkertijd\u2019, brengt twee werelden op verrassende wijze samen: spoken word en muziek. Te zien bij Dichters van de Prinsentuin.","og_url":"https:\/\/noordwoord.nl\/dichtersindeprinsentuin\/programma\/tagelyk\/","og_site_name":"Dichters in de Prinsentuin","article_modified_time":"2023-07-19T07:40:27+00:00","og_image":[{"width":1080,"height":1080,"url":"https:\/\/noordwoord.nl\/dichtersindeprinsentuin\/wp-content\/uploads\/sites\/3\/2023\/06\/Tagelyk.jpg","type":"image\/jpeg"}],"twitter_card":"summary_large_image","twitter_misc":{"Geschatte leestijd":"1 minuut"},"schema":{"@context":"https:\/\/schema.org","@graph":[{"@type":"WebPage","@id":"https:\/\/noordwoord.nl\/dichtersindeprinsentuin\/programma\/tagelyk\/","url":"https:\/\/noordwoord.nl\/dichtersindeprinsentuin\/programma\/tagelyk\/","name":"Tagelyk - Dichters in de Prinsentuin","isPartOf":{"@id":"https:\/\/noordwoord.nl\/dichtersindeprinsentuin\/#website"},"primaryImageOfPage":{"@id":"https:\/\/noordwoord.nl\/dichtersindeprinsentuin\/programma\/tagelyk\/#primaryimage"},"image":{"@id":"https:\/\/noordwoord.nl\/dichtersindeprinsentuin\/programma\/tagelyk\/#primaryimage"},"thumbnailUrl":"https:\/\/noordwoord.nl\/dichtersindeprinsentuin\/wp-content\/uploads\/sites\/3\/2023\/06\/Tagelyk.jpg","datePublished":"2023-06-01T08:48:05+00:00","dateModified":"2023-07-19T07:40:27+00:00","description":"Tagelyk, Fries voor \u2018tegelijkertijd\u2019, brengt twee werelden op verrassende wijze samen: spoken word en muziek. Te zien bij Dichters van de Prinsentuin.","inLanguage":"nl-NL","potentialAction":[{"@type":"ReadAction","target":["https:\/\/noordwoord.nl\/dichtersindeprinsentuin\/programma\/tagelyk\/"]}]},{"@type":"ImageObject","inLanguage":"nl-NL","@id":"https:\/\/noordwoord.nl\/dichtersindeprinsentuin\/programma\/tagelyk\/#primaryimage","url":"https:\/\/noordwoord.nl\/dichtersindeprinsentuin\/wp-content\/uploads\/sites\/3\/2023\/06\/Tagelyk.jpg","contentUrl":"https:\/\/noordwoord.nl\/dichtersindeprinsentuin\/wp-content\/uploads\/sites\/3\/2023\/06\/Tagelyk.jpg","width":1080,"height":1080,"caption":"Tagelyk"},{"@type":"WebSite","@id":"https:\/\/noordwoord.nl\/dichtersindeprinsentuin\/#website","url":"https:\/\/noordwoord.nl\/dichtersindeprinsentuin\/","name":"Dichters in de Prinsentuin","description":"Een andere NOORDWOORD sites site","potentialAction":[{"@type":"SearchAction","target":{"@type":"EntryPoint","urlTemplate":"https:\/\/noordwoord.nl\/dichtersindeprinsentuin\/?s={search_term_string}"},"query-input":{"@type":"PropertyValueSpecification","valueRequired":true,"valueName":"search_term_string"}}],"inLanguage":"nl-NL"}]}},"_links":{"self":[{"href":"https:\/\/noordwoord.nl\/dichtersindeprinsentuin\/wp-json\/wp\/v2\/programma\/1627","targetHints":{"allow":["GET"]}}],"collection":[{"href":"https:\/\/noordwoord.nl\/dichtersindeprinsentuin\/wp-json\/wp\/v2\/programma"}],"about":[{"href":"https:\/\/noordwoord.nl\/dichtersindeprinsentuin\/wp-json\/wp\/v2\/types\/programma"}],"wp:featuredmedia":[{"embeddable":true,"href":"https:\/\/noordwoord.nl\/dichtersindeprinsentuin\/wp-json\/wp\/v2\/media\/1629"}],"wp:attachment":[{"href":"https:\/\/noordwoord.nl\/dichtersindeprinsentuin\/wp-json\/wp\/v2\/media?parent=1627"}],"wp:term":[{"taxonomy":"featured","embeddable":true,"href":"https:\/\/noordwoord.nl\/dichtersindeprinsentuin\/wp-json\/wp\/v2\/featured?post=1627"},{"taxonomy":"location","embeddable":true,"href":"https:\/\/noordwoord.nl\/dichtersindeprinsentuin\/wp-json\/wp\/v2\/lokatie?post=1627"},{"taxonomy":"product-type","embeddable":true,"href":"https:\/\/noordwoord.nl\/dichtersindeprinsentuin\/wp-json\/wp\/v2\/product-type?post=1627"},{"taxonomy":"programma_type","embeddable":true,"href":"https:\/\/noordwoord.nl\/dichtersindeprinsentuin\/wp-json\/wp\/v2\/programma_type?post=1627"}],"curies":[{"name":"wp","href":"https:\/\/api.w.org\/{rel}","templated":true}]}}

<p>Tagelyk, Fries voor ‘tegelijkertijd’, brengt twee werelden op verrassende wijze samen: spoken word en muziek. Tagelyk is het resultaat van een samenwerking tussen dichter Nyk de Vries en het Artvark Saxophone Quartet, op initiatief van Poetry International. </p>



<p>De teksten van De Vries vormen samen een mozaïek van een aantal levens op één avond en nacht – een kleine doorsnee van Nederland – van een vaderlijke Rotterdamse buschauffeur tot een solitaire Friese bouwvakker en een moeder die thuis onrustig wacht op haar radicaliserende zoon. Schijnbaar hebben ze weinig met elkaar van doen. Of zijn ze in gedachten eigenlijk dicht bij elkaar? </p>



<p>In juni 2023 verschijnt ‘Tagelyk’ als album en boek ineen, waarna een reeks live optredens van Nyk de Vries en het Artvark Saxophone Quartet volgt, waaronder tijdens Dichters van de Prinsentuin. </p>



<p><em>Fotograaf: Reyer Boxem</em></p>


<span style="height: 1em; display: block;"></span>


<hr class="wp-block-separator has-alpha-channel-opacity"/>



<p><em><em>Dit programma was onderdeel van het poëziefestival Dichters van de Prinsentuin op 7, 8 en 9 juli 2023 in de Hortus Haren.</em></em></p>


<span style="height: 1em; display: block;"></span>
